 units digit of n?
3
Suppose 18 = 12*t - 18. Suppose 15 = -t*o + 6*o, 3*s = 3*o + 1107. What is the tens digit of s?
7
Let o(q) = 17*q - 43. Let b be -1*(-19 - -1 - -2). What is the hundreds digit of o(b)?
2
Let s be (-5)/((210/(-12))/(-7)). What is the hundreds digit of (60/30)/(s/(-135))?
1
Suppose 3*r + 5 = -2*r, -r + 830 = 3*l. Suppose -2*k - 87 = -l. Let x = k + 47. What is the units digit of x?
2
Let r = -41 + 49. Suppose 4*c - r - 8 = 0. Suppose -2*t + m + c*m + 217 = 0, 5 = 5*m. What is the units digit of t?
1
Let d(n) = -869*n + 1154. What is the units digit of d(-2)?
2
What is the ten thousands digit of (33 + 2696)*(29 + 6)?
9
Suppose -4*i = -8*i - 316. Suppose -20*f + 25*f + 450 = 0. What is the units digit of (-20)/f + i/(-9)?
9
Suppose 3*u - 9*i = 127260, -u + 5*i + 19656 = -22756. What is the hundreds digit of u?
4
What is the units digit of 16/((-32)/(-13442)) - 3?
8
Let f = 18792 + -16718. What is the tens digit of f?
7
Let a(r) = -5*r**2 + 253 - r**2 - r**3 - 242 - 4*r. Let z be a(-5). What is the hundreds digit of (-105 - -93)*4/z*-23?
1
Let t = -2421 + 4605. Suppose 5*j - h = 8*j - 2180, t = 3*j + 3*h. What is the tens digit of j?
2
What is the tens digit of (128860/30)/(21/(1890/12))?
1
Suppose -6*l - 198 = -1068. Let j = l - 58. Suppose -18*r + j = -15*r. What is the units digit of r?
9
Suppose -3*a + 404 - 89 = 0. Let l = -111 + a. Let o(z) = -21*z + 31. What is the units digit of o(l)?
7
Let k = 25332 - 9307. What is the tens digit of k?
2
Suppose -387041 = -82*k + 33537. What is the tens digit of k?
2
Suppose -3*z = 5*r + z - 1569, 0 = -4*r - 2*z + 1260. Suppose 5*x = 4*y - 482, -5*y + 924 - r = -4*x. What is the tens digit of y?
2
Let d = -124 - -126. Suppose -5*l + 0*i = d*i - 2831, -4*l + i + 2270 = 0. What is the tens digit of l?
6
Suppose 24*z - 26*z - 4*y + 2476 = 0, -12 = -3*y. What is the units digit of z?
0
Let h be (6664 - -1) + (10 - -3) + -11. Suppose -29 = -12*k + h. What is the hundreds digit of k?
5
Suppose -148 = 46*k - 48*k. Let n = k + -83. What is the units digit of (-156)/n*(-6)/4*-12?
2
Suppose s - 2*w - 3151 = 0, 5*w + 2 + 13 = 0. Suppose 7*a = -4*r + 2*a + 3165, 4*r = -a + s. What is the units digit of r?
5
Let m(z) = -z + 30. Suppose -7*j + 17*j - 150 = 0. What is the units digit of m(j)?
5
Let k(i) = -4*i**2 - 13 + 2*i + 11*i - 4*i. Let c be k(11). What is the tens digit of (-28)/154 + c/(-11)?
3
Let a(k) = 45*k**2 + 64*k + 40. Let o(d) = -d**3 + d**2 - d + 1. Let w(q) = -a(q) + o(q). What is the hundreds digit of w(-43)?
9
Let r = -7072 + 9000. What is the units digit of r?
8
Suppose -6 = -f - 2*f. Suppose -4*o + 4*s - f*s = 100, 2*o + 5*s + 38 = 0. What is the units digit of 32/o - 44/(-6)?
6
Let f(l) = 3*l**2 + 5*l + 27. Suppose 5*t - 19 = -3*o, -4*t + 6 - 2 = o. What is the tens digit of f(o)?
5
Let w(u) = -86*u - 116. Let i be w(1). Let a(y) = 11*y - 8. Let b be a(-7). Let q = b - i. What is the tens digit of q?
1
Let f(q) = 37*q + 213. Let s be f(-5). Suppose c + s*o = 23*o + 927, -3*c - 3*o + 2769 = 0. What is the hundreds digit of c?
9
Suppose -176 = -3*p - 29. Let r = 379 - p. What is the tens digit of r?
3
Suppose 0 = -7*n + 9*n + 6. Let h(o) = 3*o + 14. Let z be h(-6). What is the tens digit of n/2 + z + (-388)/(-8)?
4
Let d(h) = 51*h - 17. Let q be d(34). Suppose 2*a - 2 = 0, 4*a + q = -4*n + 4469. What is the hundreds digit of n?
6
Let f(i) = 38*i**2 - 490*i - 34. What is the units digit of f(-6)?
4
Let v(q) = 88*q - 2. Suppose 124 = -8*s - 76. Let t = 26 + s. What is the tens digit of v(t)?
8
Let n = 585 + -532. Suppose 48*o = n*o - 7285. What is the hundreds digit of o?
4
Suppose -3315 = 5*r - 2*x, -36*x - 656 = r - 35*x. Let c = r + 1024. What is the tens digit of c?
6
Suppose -5*j + 47707 = 3*m, -199*m + 198*m = -3*j - 15893. What is the units digit of m?
9
Let c(b) = b**2 - 6. Let s be c(3). Let i(q) = 13*q**2 - 9*q + 8. Let v be i(5). Suppose 349 = 4*w - 3*r, -s*r + v = w + 2*w. What is the tens digit of w?
9
Let k = -447 - -171. Let i be 1/(4/(k/3)). Let o = i + 116. What is the tens digit of o?
9
Suppose -3*r - 2*h + 32 = 19, 3*r + 22 = 5*h. Suppose 5*g - r = z - 98, -3*z + 4*g + 269 = 0. What is the units digit of z?
7
Suppose -5*d - 3*n = -804, 3*n = -d - 0*d + 156. Let w(r) = -39*r + 392. Let a be w(12). Let x = d + a. What is the tens digit of x?
8
Let r(y) = 269*y**2 - 12*y - 532. What is the tens digit of r(-9)?
6
Suppose -50*w + 48*w = -1090. Let j = w + -375. What is the tens digit of 2/2*(j - -12)?
8
Let k(n) = -7*n**3 - 8*n**2 - 14*n + 33. Let l be k(9). Let q = -4130 - l. What is the tens digit of q?
1
Suppose -o + 3*l = -466, 4*o = 5*o + 4*l - 480. What is the units digit of o?
2
Suppose -2*z - 1109 = 2*z - 5*k, 0 = z + k + 275. Let n be ((-4)/6)/(1 + 280/z). Suppose -2*o + 17 = 3*l - 0*o, 2*o = 4*l - n. What is the units digit of l?
9
Let u(f) be the second derivative of -3*f**3 + 59*f**2/2 - 6*f - 5. What is the units digit of u(-3)?
3
Suppose 0 = 23*w - 40602 - 137027. What is the tens digit of w?
2
Suppose -15344 = -7*a - 13*a + 125936. What is the hundreds digit of a?
0
Suppose 0 = 4*z + 2*n - 26756, -4*z + 15038 = 4*n - 11722. What is the thousands digit of z?
6
Suppose -8 = -2*c - 0*c. Suppose -y + 13 + 2 = -5*j, -c*j = y - 6. What is the hundreds digit of 242*y/(-15)*(-6)/8?
1
Suppose 0 = 3*v + 15, -5*v + 62229 = 4*h + 18546. What is the units digit of h?
7
Let m be 1*(4 + (0 - 0)). What is the tens digit of -3 - 54/m*-14?
8
Let i be -4*((-1)/1 + (-5)/20). Suppose -c = -i*t + 967, t - 13*c - 203 = -16*c. What is the units digit of t?
4
Suppose 0 = -5*v + 3*c + 29611, 4*c + 23692 = -2*v + 6*v. What is the units digit of v?
1
Let q be (0 - 3)/((-96)/640). Suppose 2466 = q*x - 54. What is the hundreds digit of x?
1
Suppose 10640 = m + 5*f, 0 = -3*m + 71*f - 69*f + 31852. What is the units digit of m?
0
Suppose 4*a + 154 = 15*a. What is the units digit of (-5880)/(-36)*36/a?
0
Let p(d) be the third derivative of 49*d**6/8 + d**5/15 - 5*d**4/24 + 5*d**2. What is the units digit of p(1)?
4
Suppose 4*t = -5*v + 126572, 16*t - 20*t = -5*v - 126572. What is the thousands digit of t?
1
Let o(k) = -288*k + 2106. What is the ten thousands digit of o(-52)?
1
Let x = 86 - 70. Let l be (-6)/(-8) + ((-156)/x)/(-3). What is the units digit of -2 - ((-4 - -4 - l) + -214)?
6
Let f(k) = 375*k - 26. Let l(h) = -4*h + 1. Let m(v) = f(v) - 4*l(v). What is the tens digit of m(1)?
6
Let b(y) = 25*y - 1 + 1 - 3. Let g = 674 - 669. What is the hundreds digit of b(g)?
1
Suppose -2*f + 38 = 1484. Let s = 1534 + f. What is the units digit of s?
1
Let w(h) = h**3 + 43*h**2 + 54*h - 85. Let s be w(-43). Let r = s + 3533. What is the hundreds digit of r?
1
Let x(p) = p**3 + 6*p**2 + 4*p + 14. Let i(k) be the second derivative of k**4/12 + 7*k**3/6 + 4*k**2 + 12*k. Let a be i(-4). What is the units digit of x(a)?
0
Let b = 1117 - 1892. Let l = 1327 + b. What is the hundreds digit of l?
5
Let j(v) = -74*v**2 - 23*v + 17. Let c(d) = -72*d**2 - 22*d + 18. Let f(i) = 3*c(i) - 4*j(i). What is the thousands digit of f(4)?
1
Let p(s) = s**3 + s**2 - s + 2296. Let y be p(0). Let q = y + -1260. Suppose 0 = -11*a + 7*a + q. What is the hundreds digit of a?
2
Suppose -8065 = -2*d - 5*a + 34940, 5*a + 107425 = 5*d. What is the tens digit of d?
9
Suppose 4*g = 12, 0 = -5*d - 0*g + 4*g + 11758. Let p = d - 454. What is the thousands digit of p?
1
Let k(r) = -6*r**2 - 21*r + 50. Let b be k(20). Let d be b/4 - 7/(-14). What is the hundreds digit of (-2)/6 + d/(-6)?
1
Let a(m) = 34 + 11 - 295*m - 285*m + 610*m. What is the tens digit of a(12)?
0
Let h = 2208 + 8049. What is the units digit of h?
7
Let l = 1343 - 1338. Suppose -n - 4*w = -60, w + 19 + 110 = 2*n. Suppose 141 = l*m - 4*f - n, m = f + 40. What is the tens digit of m?
4
Let o(f) = -244*f - 428. What is the thousands digit of o(-49)?
1
Let o(w) = w + 1. Let z(p) = 2*p. Let j(q) = o(q) - z(q). Let n(y) = y**2 - 27*y + 48. Let d(t) = 5*j(t) - n(t). What is the tens digit of d(19)?
1
Suppose 0*r + 4*r = 8, 3*c + 356 = -2*r. Let f be (-1)/((2/c)/((-10)/(-8))). What is the units digit of f/15*(-1)/(1 + -2)?
5
Suppose -61*w = -14*w - 393108. What is the units digit of w?
4
Suppose -2491177 = -241*v + 735813. What is the ten thousands digit of v?